{"id":807,"date":"2022-06-23T15:00:00","date_gmt":"2022-06-23T15:00:00","guid":{"rendered":"http:\/\/gplogistics.com.mx\/sitiogpl\/02sectores-copy\/"},"modified":"2022-06-23T23:27:26","modified_gmt":"2022-06-23T23:27:26","slug":"avisodeprivacidad","status":"publish","type":"page","link":"https:\/\/gplogistics.com.mx\/sitiogpl\/avisodeprivacidad\/","title":{"rendered":"3Aviso de privacidad"},"content":{"rendered":"\t\t<div data-elementor-type=\"wp-post\" data-elementor-id=\"807\" class=\"elementor elementor-807\">\n\t\t\t\t\t\t<section class=\"elementor-section elementor-top-section elementor-element elementor-element-3e6991b elementor-section-full_width elementor-section-height-default elementor-section-height-default\" data-id=\"3e6991b\" data-element_type=\"section\">\n\t\t\t\t\t\t<div class=\"elementor-container elementor-column-gap-default\">\n\t\t\t\t\t<div class=\"elementor-column elementor-col-100 elementor-top-column elementor-element elementor-element-71448aa\" data-id=\"71448aa\" data-element_type=\"column\">\n\t\t\t<div class=\"elementor-widget-wrap elementor-element-populated\">\n\t\t\t\t\t\t<div class=\"elementor-element elementor-element-0452ac5 elementor-widget elementor-widget-spacer\" data-id=\"0452ac5\" data-element_type=\"widget\" data-widget_type=\"spacer.default\">\n\t\t\t\t<div class=\"elementor-widget-container\">\n\t\t\t\t\t<div class=\"elementor-spacer\">\n\t\t\t<div class=\"elementor-spacer-inner\"><\/div>\n\t\t<\/div>\n\t\t\t\t<\/div>\n\t\t\t\t<\/div>\n\t\t\t\t\t<\/div>\n\t\t<\/div>\n\t\t\t\t\t<\/div>\n\t\t<\/section>\n\t\t\t\t<section class=\"elementor-section elementor-top-section elementor-element elementor-element-20b9425 elementor-section-full_width elementor-section-height-default elementor-section-height-default\" data-id=\"20b9425\" data-element_type=\"section\">\n\t\t\t\t\t\t<div class=\"elementor-container elementor-column-gap-default\">\n\t\t\t\t\t<div class=\"elementor-column elementor-col-100 elementor-top-column elementor-element elementor-element-e4898a4\" data-id=\"e4898a4\" data-element_type=\"column\">\n\t\t\t<div class=\"elementor-widget-wrap elementor-element-populated\">\n\t\t\t\t\t\t<div class=\"elementor-element elementor-element-31ed84b elementor-widget elementor-widget-heading\" data-id=\"31ed84b\" data-element_type=\"widget\" data-widget_type=\"heading.default\">\n\t\t\t\t<div class=\"elementor-widget-container\">\n\t\t\t<h2 class=\"elementor-heading-title elementor-size-default\">AVISO DE PRIVACIDAD\n<\/h2>\t\t<\/div>\n\t\t\t\t<\/div>\n\t\t\t\t\t<\/div>\n\t\t<\/div>\n\t\t\t\t\t<\/div>\n\t\t<\/section>\n\t\t\t\t<section class=\"elementor-section elementor-top-section elementor-element elementor-element-a2a6adc elementor-section-full_width elementor-section-height-default elementor-section-height-default\" data-id=\"a2a6adc\" data-element_type=\"section\">\n\t\t\t\t\t\t<div class=\"elementor-container elementor-column-gap-default\">\n\t\t\t\t\t<div class=\"elementor-column elementor-col-100 elementor-top-column elementor-element elementor-element-993ac54\" data-id=\"993ac54\" data-element_type=\"column\">\n\t\t\t<div class=\"elementor-widget-wrap elementor-element-populated\">\n\t\t\t\t\t\t<div class=\"elementor-element elementor-element-29c4b42 elementor-widget elementor-widget-spacer\" data-id=\"29c4b42\" data-element_type=\"widget\" data-widget_type=\"spacer.default\">\n\t\t\t\t<div class=\"elementor-widget-container\">\n\t\t\t\t\t<div class=\"elementor-spacer\">\n\t\t\t<div class=\"elementor-spacer-inner\"><\/div>\n\t\t<\/div>\n\t\t\t\t<\/div>\n\t\t\t\t<\/div>\n\t\t\t\t\t<\/div>\n\t\t<\/div>\n\t\t\t\t\t<\/div>\n\t\t<\/section>\n\t\t\t\t<section class=\"elementor-section elementor-top-section elementor-element elementor-element-6a7b5b0 elementor-section-boxed elementor-section-height-default elementor-section-height-default\" data-id=\"6a7b5b0\" data-element_type=\"section\">\n\t\t\t\t\t\t<div class=\"elementor-container elementor-column-gap-default\">\n\t\t\t\t\t<div class=\"elementor-column elementor-col-33 elementor-top-column elementor-element elementor-element-edc451b\" data-id=\"edc451b\" data-element_type=\"column\">\n\t\t\t<div class=\"elementor-widget-wrap\">\n\t\t\t\t\t\t\t<\/div>\n\t\t<\/div>\n\t\t\t\t<div class=\"elementor-column elementor-col-33 elementor-top-column elementor-element elementor-element-61d9bdc\" data-id=\"61d9bdc\" data-element_type=\"column\">\n\t\t\t<div class=\"elementor-widget-wrap elementor-element-populated\">\n\t\t\t\t\t\t<div class=\"elementor-element elementor-element-fed1699 elementor-widget elementor-widget-text-editor\" data-id=\"fed1699\" data-element_type=\"widget\" data-widget_type=\"text-editor.default\">\n\t\t\t\t<div class=\"elementor-widget-container\">\n\t\t\t\t\t\t\t<p class=\"p1\">\u201cGrupo Porteo Log\u00edstico, S.A. de C.V.\u201d (La Empresa) con domicilio en Perif\u00e9rico Sur N\u00ba 5890, Bodega A 4 A, Col. Artesanos, Tlaquepaque, Jalisco, C.P. 45590 es responsable de recabar sus datos personales, del uso y tratamiento que se les d\u00e9 a los mismos y de su protecci\u00f3n.<\/p><p class=\"p1\">El domicilio arriba se\u00f1alado, tel\u00e9fono (33) 3283-4800 y correo electr\u00f3nico <a href=\"mailto:comercial@gporteo.com.mx\">comercial@gporteo.com.mx<\/a><\/p><p class=\"p1\">Su informaci\u00f3n personal ser\u00e1 utilizada para lo siguiente: integraci\u00f3n a nuestra base de datos, facturaci\u00f3n, cobranza de servicios, asignaci\u00f3n de cuenta y usuario. Para las finalidades antes mencionadas, requerimos obtener, entre otros, los siguientes datos personales:<\/p>\t\t\t\t\t\t<\/div>\n\t\t\t\t<\/div>\n\t\t\t\t\t<\/div>\n\t\t<\/div>\n\t\t\t\t<div class=\"elementor-column elementor-col-33 elementor-top-column elementor-element elementor-element-d6c98ab\" data-id=\"d6c98ab\" data-element_type=\"column\">\n\t\t\t<div class=\"elementor-widget-wrap\">\n\t\t\t\t\t\t\t<\/div>\n\t\t<\/div>\n\t\t\t\t\t<\/div>\n\t\t<\/section>\n\t\t\t\t<section class=\"elementor-section elementor-top-section elementor-element elementor-element-371187d elementor-section-boxed elementor-section-height-default elementor-section-height-default\" data-id=\"371187d\" data-element_type=\"section\">\n\t\t\t\t\t\t<div class=\"elementor-container elementor-column-gap-default\">\n\t\t\t\t\t<div class=\"elementor-column elementor-col-25 elementor-top-column elementor-element elementor-element-465e82b\" data-id=\"465e82b\" data-element_type=\"column\">\n\t\t\t<div class=\"elementor-widget-wrap\">\n\t\t\t\t\t\t\t<\/div>\n\t\t<\/div>\n\t\t\t\t<div class=\"elementor-column elementor-col-25 elementor-top-column elementor-element elementor-element-9e3afdd\" data-id=\"9e3afdd\" data-element_type=\"column\">\n\t\t\t<div class=\"elementor-widget-wrap elementor-element-populated\">\n\t\t\t\t\t\t<div class=\"elementor-element elementor-element-11e8dc0 elementor-widget elementor-widget-text-editor\" data-id=\"11e8dc0\" data-element_type=\"widget\" data-widget_type=\"text-editor.default\">\n\t\t\t\t<div class=\"elementor-widget-container\">\n\t\t\t\t\t\t\t<ul><li>Nombre completo, denominaci\u00f3n o raz\u00f3n social; <br \/>\u2022 Tel\u00e9fono fijo, radio y\/o celular;<\/li><li>Correo electr\u00f3nico;<\/li><li>Cuenta bancaria;<\/li><\/ul>\t\t\t\t\t\t<\/div>\n\t\t\t\t<\/div>\n\t\t\t\t\t<\/div>\n\t\t<\/div>\n\t\t\t\t<div class=\"elementor-column elementor-col-25 elementor-top-column elementor-element elementor-element-ed66646\" data-id=\"ed66646\" data-element_type=\"column\">\n\t\t\t<div class=\"elementor-widget-wrap elementor-element-populated\">\n\t\t\t\t\t\t<div class=\"elementor-element elementor-element-3fde43f elementor-widget elementor-widget-text-editor\" data-id=\"3fde43f\" data-element_type=\"widget\" data-widget_type=\"text-editor.default\">\n\t\t\t\t<div class=\"elementor-widget-container\">\n\t\t\t\t\t\t\t<ul><li>Domicilio;<\/li><li>RFC, CURP y domicilio fiscal;<\/li><li>Datos generales de sus encargados de finanzas, operaciones, log\u00edstica y compras.<\/li><\/ul>\t\t\t\t\t\t<\/div>\n\t\t\t\t<\/div>\n\t\t\t\t\t<\/div>\n\t\t<\/div>\n\t\t\t\t<div class=\"elementor-column elementor-col-25 elementor-top-column elementor-element elementor-element-913b93c\" data-id=\"913b93c\" data-element_type=\"column\">\n\t\t\t<div class=\"elementor-widget-wrap\">\n\t\t\t\t\t\t\t<\/div>\n\t\t<\/div>\n\t\t\t\t\t<\/div>\n\t\t<\/section>\n\t\t\t\t<section class=\"elementor-section elementor-top-section elementor-element elementor-element-efb0cdc elementor-section-boxed elementor-section-height-default elementor-section-height-default\" data-id=\"efb0cdc\" data-element_type=\"section\">\n\t\t\t\t\t\t<div class=\"elementor-container elementor-column-gap-default\">\n\t\t\t\t\t<div class=\"elementor-column elementor-col-33 elementor-top-column elementor-element elementor-element-92c59e7\" data-id=\"92c59e7\" data-element_type=\"column\">\n\t\t\t<div class=\"elementor-widget-wrap\">\n\t\t\t\t\t\t\t<\/div>\n\t\t<\/div>\n\t\t\t\t<div class=\"elementor-column elementor-col-33 elementor-top-column elementor-element elementor-element-be91138\" data-id=\"be91138\" data-element_type=\"column\">\n\t\t\t<div class=\"elementor-widget-wrap elementor-element-populated\">\n\t\t\t\t\t\t<div class=\"elementor-element elementor-element-99f7676 elementor-widget elementor-widget-text-editor\" data-id=\"99f7676\" data-element_type=\"widget\" data-widget_type=\"text-editor.default\">\n\t\t\t\t<div class=\"elementor-widget-container\">\n\t\t\t\t\t\t\t<p class=\"p1\">Le informamos por medio de este documento que usted podr\u00e1 acceder, rectificar o cancelar sus datos personales, as\u00ed como oponerse o limitar su transferencia, tratamiento o divulgaci\u00f3n, incluyendo la revocaci\u00f3n de cualquier consentimiento anterior por aviso escrito, electr\u00f3nico o telef\u00f3nico enviado al Encargado.<\/p>\t\t\t\t\t\t<\/div>\n\t\t\t\t<\/div>\n\t\t\t\t<div class=\"elementor-element elementor-element-cfe8d7d elementor-widget elementor-widget-text-editor\" data-id=\"cfe8d7d\" data-element_type=\"widget\" data-widget_type=\"text-editor.default\">\n\t\t\t\t<div class=\"elementor-widget-container\">\n\t\t\t\t\t\t\t<p class=\"p1\">Los datos personales que usted entrega a La Empresa podr\u00e1n ser compartidos \u00fanicamente con sus asesores, empleados, subcontratistas y personas que de cualquier manera formen parte integrante del grupo empresarial y comercial al que pertenece La Empresa, en M\u00e9xico o en el extranjero, con el objetivo de brindarle el servicio que el Cliente (Titular) nos solicite, circunstancia y tratamiento al que usted otorga su conformidad y autorizaci\u00f3n expresa con la firma del correspondiente contrato de prestaci\u00f3n de servicios (transporte o almacenamiento) y\/o solicitud de cualquier servicio que preste La Empresa. Asimismo, en ning\u00fan momento se recabar\u00e1 del Titular ning\u00fan dato personal sensible, financiero ni patrimonial.<\/p>\t\t\t\t\t\t<\/div>\n\t\t\t\t<\/div>\n\t\t\t\t<div class=\"elementor-element elementor-element-0004023 elementor-widget elementor-widget-text-editor\" data-id=\"0004023\" data-element_type=\"widget\" data-widget_type=\"text-editor.default\">\n\t\t\t\t<div class=\"elementor-widget-container\">\n\t\t\t\t\t\t\t<p class=\"p1\">Por ende, conforme al Art\u00edculo 36, 37-IV y 37-VII de la Ley Federal de Protecci\u00f3n de Datos Personales en Posesi\u00f3n de los Particulares (LFPDPPP), los datos personales del Titular s\u00f3lo ser\u00e1n transmitidos a los subcontratistas de La Empresa para dar cumplimiento a los contratos de prestaci\u00f3n de servicios (transporte o almacenamiento) que se celebren con el Titular y\/o cuando \u00e9ste le solicite a La Empresa la prestaci\u00f3n de un servicio.<\/p><p class=\"p1\">La Empresa comunicar\u00e1 al Titular cualquier cambio al presente aviso de privacidad a trav\u00e9s de correo electr\u00f3nico o su p\u00e1gina web.<\/p><p class=\"p1\">El presente aviso y sus modificaciones podr\u00e1n ser consultados a trav\u00e9s de la p\u00e1gina web: <a href=\"http:\/\/gplogistics.com.mx\/sitiogpl\">www.gplogistics.com.mx<\/a><\/p>\t\t\t\t\t\t<\/div>\n\t\t\t\t<\/div>\n\t\t\t\t\t<\/div>\n\t\t<\/div>\n\t\t\t\t<div class=\"elementor-column elementor-col-33 elementor-top-column elementor-element elementor-element-392d2cd\" data-id=\"392d2cd\" data-element_type=\"column\">\n\t\t\t<div class=\"elementor-widget-wrap\">\n\t\t\t\t\t\t\t<\/div>\n\t\t<\/div>\n\t\t\t\t\t<\/div>\n\t\t<\/section>\n\t\t\t\t<section class=\"elementor-section elementor-top-section elementor-element elementor-element-2a5cd03 elementor-section-full_width elementor-section-height-default elementor-section-height-default\" data-id=\"2a5cd03\" data-element_type=\"section\">\n\t\t\t\t\t\t<div class=\"elementor-container elementor-column-gap-default\">\n\t\t\t\t\t<div class=\"elementor-column elementor-col-100 elementor-top-column elementor-element elementor-element-b08c58d\" data-id=\"b08c58d\" data-element_type=\"column\">\n\t\t\t<div class=\"elementor-widget-wrap elementor-element-populated\">\n\t\t\t\t\t\t<div class=\"elementor-element elementor-element-9b48fe0 elementor-widget elementor-widget-spacer\" data-id=\"9b48fe0\" data-element_type=\"widget\" data-widget_type=\"spacer.default\">\n\t\t\t\t<div class=\"elementor-widget-container\">\n\t\t\t\t\t<div class=\"elementor-spacer\">\n\t\t\t<div class=\"elementor-spacer-inner\"><\/div>\n\t\t<\/div>\n\t\t\t\t<\/div>\n\t\t\t\t<\/div>\n\t\t\t\t\t<\/div>\n\t\t<\/div>\n\t\t\t\t\t<\/div>\n\t\t<\/section>\n\t\t\t\t<\/div>\n\t\t","protected":false},"excerpt":{"rendered":"<p>AVISO DE PRIVACIDAD \u201cGrupo Porteo Log\u00edstico, S.A. de C.V.\u201d (La Empresa) con domicilio en Perif\u00e9rico Sur N\u00ba 5890, Bodega A 4 A, Col. Artesanos, Tlaquepaque, Jalisco, C.P. 45590 es responsable de recabar sus datos personales, del uso y tratamiento que se les d\u00e9 a los mismos y de su protecci\u00f3n.El domicilio arriba se\u00f1alado, tel\u00e9fono (33) [&hellip;]<\/p>\n","protected":false},"author":1,"featured_media":0,"parent":0,"menu_order":0,"comment_status":"closed","ping_status":"closed","template":"page-templates\/home-1.php","meta":{"_monsterinsights_skip_tracking":false,"_monsterinsights_sitenote_active":false,"_monsterinsights_sitenote_note":"","_monsterinsights_sitenote_category":0},"aioseo_notices":[],"_links":{"self":[{"href":"https:\/\/gplogistics.com.mx\/sitiogpl\/wp-json\/wp\/v2\/pages\/807"}],"collection":[{"href":"https:\/\/gplogistics.com.mx\/sitiogpl\/wp-json\/wp\/v2\/pages"}],"about":[{"href":"https:\/\/gplogistics.com.mx\/sitiogpl\/wp-json\/wp\/v2\/types\/page"}],"author":[{"embeddable":true,"href":"https:\/\/gplogistics.com.mx\/sitiogpl\/wp-json\/wp\/v2\/users\/1"}],"replies":[{"embeddable":true,"href":"https:\/\/gplogistics.com.mx\/sitiogpl\/wp-json\/wp\/v2\/comments?post=807"}],"version-history":[{"count":13,"href":"https:\/\/gplogistics.com.mx\/sitiogpl\/wp-json\/wp\/v2\/pages\/807\/revisions"}],"predecessor-version":[{"id":892,"href":"https:\/\/gplogistics.com.mx\/sitiogpl\/wp-json\/wp\/v2\/pages\/807\/revisions\/892"}],"wp:attachment":[{"href":"https:\/\/gplogistics.com.mx\/sitiogpl\/wp-json\/wp\/v2\/media?parent=807"}],"curies":[{"name":"wp","href":"https:\/\/api.w.org\/{rel}","templated":true}]}}